t of m?
2
Suppose -3*f - 31 = -2*f. Let r = -9 - f. Let n = -19 + r. What is the units digit of n?
3
Suppose -3*f + 4*b - 18 = 0, f + b = 2*b - 6. Suppose 0 = -14*c + 934 - 234. Let j = c + f. What is the units digit of j?
4
Suppose 0*s + 4 = 2*s. Suppose 23 + 39 = s*k. What is the units digit of k?
1
Let t(c) = c**3 - 4*c**2 + 3*c + 4. Let s be t(2). Suppose -2 = s*y - 134. What is the tens digit of y?
6
Let s(d) = -d**2 - 7*d + 4. Let y be s(-7). Suppose -y*c - 9 + 117 = 0. What is the units digit of c?
7
Let d be (5 + -6)*-1*31. Suppose 0 = 6*u - 689 - d. What is the units digit of u?
0
Suppose -2*m = v + 1, 5*v - 10 - 3 = -4*m. Suppose 0 = v*r + 12*r - 272. What is the tens digit of r?
1
Suppose 3*c + 41 = -4*f + 2, 3*f + 32 = -5*c. What is the units digit of f/(-6)*(47 - 1)?
9
Let t be 10/(((-40)/(-15))/4). Suppose -t = a - 48. What is the tens digit of a?
3
Let z = 99 + 264. What is the hundreds digit of z?
3
Suppose 2*z = 10 + 6. Suppose z = h - 2*r - 7, h = -r + 3. Suppose h*v - 92 = 3*v. What is the tens digit of v?
2
Let w be 4/3*72/(-160)*-5. Suppose 4*p + 9 = p. Let u = w - p. What is the units digit of u?
6
Let d = 1654 + -789. Suppose 21*t = 16*t + d. What is the tens digit of t?
7
Let x(c) = 4*c + 5. Let f(h) = h. Let a(y) = -3*f(y) + x(y). Let j be a(0). Suppose 0*z - j*z + 105 = 0. What is the units digit of z?
1
Let v(j) be the third derivative of j**6/120 + 7*j**5/60 + 3*j**4/8 + 11*j**2. What is the units digit of v(-4)?
2
Suppose -d + 1 = -2, 3*q - 3*d + 36 = 0. Let v be (6/q)/(6/(-549)). Suppose z = 3*r + 54, 3*z - 77 = -3*r + v. What is the tens digit of z?
4
Let z(r) = r**2 + 3*r + 2. Let d be z(-4). Suppose d*u = 9*u - 210. Suppose 6*n = 8 + u. What is the tens digit of n?
1
Suppose -2*h - 2*v + 2180 = 2*v, -2*v + 4 = 0. What is the hundreds digit of h?
0
Suppose 24 = 2*f + 5*j, -3*f + 3*j = -2*j + 14. Let u be (f/3)/((-7)/84). What is the units digit of 9*(-2 - u/3)?
6
Suppose 2*p + 15 = -0*p - 3*h, 3*p - h - 5 = 0. Suppose s - 88 = -p*s - 2*x, -376 = -4*s + 4*x. What is the tens digit of s?
9
Suppose 5*w - 35 = 3*m + 2*m, -3*w - 2*m + 16 = 0. Suppose -4*l = 3*d - 384, 5*d + w*l - 648 = 2*l. What is the tens digit of d?
3
Let z(g) = 22*g**2 + 13*g + 47. What is the hundreds digit of z(-6)?
7
Let z be (2 - 141/6)*-2. Suppose q - z = -g - 2*q, 0 = 4*g + 2*q - 212. What is the units digit of g?
5
Let l(q) = -2*q**2 - 16*q - 30. Let d be l(-20). What is the tens digit of (1/3)/((-2)/d)?
8
Suppose 5*a = 0, -2*c - 3*a + 11 = -69. What is the units digit of c?
0
Let x(z) = 21 - 13*z + 2*z**2 + 4 - 4. What is the units digit of x(11)?
0
Let v(o) = -o**2 - 6*o. Let b be v(-5). Suppose b*s - 2*s - 354 = 0. What is the tens digit of s?
1
Let m = 645 + -220. What is the tens digit of m?
2
Let t(i) be the third derivative of i**5/20 + i**3/6 + 83*i**2. Suppose 8*v - 3*z - 2 = 3*v, -2*v - 12 = 2*z. What is the tens digit of t(v)?
1
Suppose 0 = -3*b + 5*g + 10476, -100*b - 3492 = -101*b - 2*g. What is the tens digit of b?
9
Suppose 0 = 4*m + 3*i - 30, -2*m + i = -3*m + 8. What is the units digit of (-8)/(-12) + 350/m?
9
Let c be (-4)/(6/(7 - 4)). What is the units digit of (-3*17 - -1)/c?
5
Suppose 17*l - 23853 = 23798. What is the units digit of l?
3
Let n(j) = j**3 - 13*j**2 - 11*j - 16. Let i be n(14). Let s = 90 - i. What is the tens digit of s?
6
Let f = 1695 + -1022. What is the units digit of f?
3
Let h be 4/(-14) - 23/(-7). Let s = h - 1. Suppose -1 = 5*a + 4*i - 37, 2 = -s*i. What is the units digit of a?
8
Let h = -50 + -18. Let v = h - -128. Let s = 102 - v. What is the units digit of s?
2
Suppose -3*x + 3349 = -4*w, 5*x + 1562 = -2*w + 7187. What is the tens digit of x?
2
Let l be ((-3)/(-6))/(3/84). Suppose 7*f - l = 3*f - h, -h = -4*f + 10. What is the units digit of -1*f + 40/10?
1
What is the units digit of 5398*5/100 - 4/(-40)?
0
Let j = -13 - -24. Let s be (-1 - 3)/(1/2). Let v = j - s. What is the tens digit of v?
1
Let y(z) = -z**3 - 26*z**2 + 13*z - 48. What is the thousands digit of y(-29)?
2
Suppose -2835 = -63*a + 55377. What is the units digit of a?
4
Let j = 18 + -20. What is the units digit of (-142)/(j*2/2)?
1
Let f = -385 + 2178. What is the tens digit of f?
9
Let x be -2 - 506/(-6) - (-14)/21. Let b = x + -32. What is the units digit of b?
1
Let u(s) = 2*s**2 - s - 15. Let x = -30 - -22. What is the tens digit of u(x)?
2
Suppose 4*x + 5*n - 1731 = 2811, 0 = -5*x - 3*n + 5671. What is the thousands digit of x?
1
Let v(d) = 578*d + 132. What is the thousands digit of v(4)?
2
Suppose -l + 343 - 68 = 0. What is the hundreds digit of l?
2
Let u(s) = 23*s + 84. What is the hundreds digit of u(10)?
3
Let b(f) = -f**3 + 6*f**2 - 5*f + 5. Let q = 12 - 10. Suppose 0 = -2*y + 6 + q. What is the tens digit of b(y)?
1
What is the tens digit of (-15496)/(-24) + (-28)/(-12)?
4
Suppose 0 = 2*y - 2 - 4. Suppose 118 = y*u - 65. What is the units digit of u?
1
Suppose 5*d - 6 = 49. Let l = 9 - d. What is the tens digit of (-1190)/(-75) + l/(-15)?
1
Suppose 0 = -5*h - 4*j - 116, -4*h + 5*j - 39 = 21. Let r be 6/9 + h/(-15). Suppose 6*a - 76 = r*a. What is the tens digit of a?
1
Let l = 24 - 14. Suppose l*s - 8*s - 4 = 0. Suppose 0 = s*b + 13 - 95. What is the tens digit of b?
4
Let f = -19 + 20. Let z(y) = -3*y - 1. Let p be z(f). What is the units digit of ((-1)/p)/((-15)/(-1140))?
9
Let h(m) = 84*m - 1. Let w be h(1). Suppose 2*x - 3*s - w = 0, 4*x + 49 = 5*x - 3*s. What is the tens digit of x?
3
Let k be (0 - (-1)/5) + (-37760)/(-200). Suppose 3*h = -j + 48 + 29, -3*j = -5*h - k. What is the tens digit of j?
6
Let o(b) = -20*b**2. Let w be o(-1). Let r = w + 75. Suppose -r - 3 = -u. What is the units digit of u?
8
What is the units digit of (-7)/(-21)*-22*-126?
4
Let l = -336 - -779. What is the hundreds digit of l?
4
Let p = 207 + 588. Let w = p - 566. What is the hundreds digit of w?
2
Let w(k) = 2*k**2 + 30*k - 25. What is the thousands digit of w(-41)?
2
Suppose w - 3 = 1, -u - 5*w = -36. Suppose 0 = l + l - 6. Suppose l*m - 5*y + y = u, 3*y = 6. What is the units digit of m?
8
Suppose 9*u + 38*u - 12737 = 0. What is the hundreds digit of u?
2
Suppose 0 = 8*r - 5*r + 24. Let t(d) = d**3 + 8*d**2 - 9*d. What is the units digit of t(r)?
2
Let a(b) = b - 4. Let h be a(4). Suppose 0*z + 6*z + 150 = h. What is the tens digit of z/(-2) - 3/(-2)?
1
Let v be 306/10 + (-128)/(-20) + -6. Let t = 87 - v. What is the units digit of t?
6
Let j be (24/18)/(4/6). Suppose 3*x + 8*u - 7*u - 182 = 0, 246 = 4*x - j*u. What is the tens digit of x?
6
Let m = 13 - 1. Let j be 10*4*(-8)/(-10). Let q = j - m. What is the tens digit of q?
2
Suppose -5*k = -4*r - 33, 3 = 5*k + 5*r - 12. Suppose 0 = 4*z - 3*m - 517, -2*m + 652 = -5*z + 10*z. What is the tens digit of z/k*2/4?
1
Suppose 0 = -3*g + 13 - 1. Suppose -g*j = 2*j - 18. Suppose -m - 4*r = -2*m + 45, -2*m + j*r + 70 = 0. What is the tens digit of m?
2
Suppose 3 = 5*j - 7. Suppose 0 = 4*c - j*g - 204 - 68, -3*g = 5*c - 351. What is the units digit of c?
9
Suppose 1303*c - 1297*c - 15180 = 0. What is the thousands digit of c?
2
Let u be (-3 - 60)*(-3)/9. Suppose -5*m + 23 = z, 2*z + u = 3*m + 5*z. Suppose 2*r + 11 = 5*n - 7, -5*r = m*n - 21. What is the units digit of r?
1
Let j(i) = -i**2 + 11*i - 5. Let f be j(10). Suppose -2340 + 690 = -f*y. What is the units digit of (-2)/9 - y/(-27)?
2
Let o(c) be the first derivative of -5*c**2/2 - c - 2. Let y be o(-1). Suppose y*i = -3*h - 8, -3 = 5*i - 0*h + 2*h. What is the units digit of i?
1
Let l(d) = 67*d**2 + 6*d + 11. What is the hundreds digit of l(-6)?
3
Suppose -297*g + 303*g - 2184 = 0. What is the tens digit of g?
6
Suppose 4*w + w - 2*r = -2, -2*r - 8 = 0. Let p(j) be the first derivative of j**3 - j + 2. What is the tens digit of p(w)?
1
Let r(w) = 6*w**2 - 3*w**2 - 2*w**2 + 4*w. Let n be r(3). What is the units digit of (-6)/n + 88/14?
6
Let q = 31 + -24. Suppose -q*p = -189 - 84. What is the tens digit of p?
3
Let z = 129 - 125. Suppose z*n = -y + 210 + 143, -2*n = -2*y - 164. What is the units digit of n?
7
Let k = -82 - -31. Let x = -27 - k. Suppose -d + 11 = 2*b, 5*d - x = -b + 31. What is the units digit of d?
1
Suppose -15*v + 1687 = -14*v - 4*g, 4*g = -3*v + 5013. What is the tens digit of v?
7
Suppose -n + 2 = -4. Wh